- 5*g - 2. Determine a(k).
-6
Let o(m) = -4*m**3 + 6*m**2 + 6*m + 4. Let r(z) = 5*z**3 - 7*z**2 - 7*z - 5. Let x(i) = -6*o(i) - 5*r(i). Give x(1).
-2
Let y = 13 - 9. Suppose y*i - 3 = -w, 3*i + 10 = 5*w - 5. Suppose 2*f = f + w. Let v(t) = 3*t - 1. Calculate v(f).
8
Let g(q) = -4*q - 1. Suppose 3*a + 3*r - 10 = 2*r, 3*a + 14 = 5*r. Suppose -n = 2*d - 6*d - 9, -a*n - 3*d - 15 = 0. Give g(n).
11
Suppose 6 = -4*w - 2. Let z(t) be the first derivative of t**3 + t**2/2 + t + 3. Let v(l) = l**2 + 1. Let h(p) = -v(p) + z(p). Give h(w).
6
Let f(k) = k + 2. Let c be f(-5). Let b = -3 + 7. Let m(o) = 4*o - o - b*o - 3. Determine m(c).
0
Let p(g) = -g + 10. Let o = 61 - 54. Determine p(o).
3
Let p(s) be the first derivative of s**6/120 - s**5/30 + s**4/12 + 4*s**2 + 8. Let k(l) be the second derivative of p(l). What is k(2)?
4
Suppose -19 = -5*i + 2*d, 3*i - 2*d = 17 - 4. Suppose 0*m + 2 = m. Let c(f) = -i*f - 4*f + 4*f - 2 - f**m. Determine c(-4).
-6
Suppose r + r - 2*s = -8, 12 = 3*s. Let o = 9 - 7. Let j(p) = -2*p**2 + 1 - p + 2 + p**o. Give j(r).
3
Let n = -47 + 48. Let j(t) = t**3 - 2*t**2 + t. Give j(n).
0
Suppose 0*n + 24 = -4*n + 4*b, 0 = 3*b - 9. Let g(s) be the third derivative of 0*s**4 + 0 - 1/120*s**6 - s**2 + 2/3*s**3 + 0*s - 1/15*s**5. What is g(n)?
-5
Suppose 3*t = t + 5*h - 32, -h = 3*t + 14. Let n(l) = l + 7. Give n(t).
1
Let d(c) = -5*c - 1. Let w(z) = -z**2 - 6*z + 17. Let b be w(-7). Let g = b + -12. What is d(g)?
9
Suppose 3*w + 9 - 24 = 0. Let q(j) = 3*j - 4. Let l be q(3). Let o(f) = -w - 2 + f + l. Calculate o(-5).
-7
Let y(p) = 2*p**2 + 2*p. Suppose 5 = 4*c - 3. What is y(c)?
12
Let v(o) be the second derivative of -o**5/40 - o**4/8 - o**3/2 - 4*o. Let l(q) be the second derivative of v(q). Calculate l(-2).
3
Let y(d) be the first derivative of d**3/3 + 3*d**2/2 + 6*d - 46. Give y(-3).
6
Let w(g) = -g**3 - 7*g**2 - 5*g + 6. Let z(o) = -3*o + 12. Let n be z(6). What is w(n)?
0
Suppose 1 = -4*v + 13. Let h(c) = -c - 1. Let i(g) = g + 4. Let d(q) = 1. Let f(p) = -2*d(p) + i(p). Let u(k) = -2*f(k) - 4*h(k). What is u(v)?
6
Suppose 3*j - j - a - 1 = 0, 0 = -3*j + 4*a - 11. Let n(x) = 4*x - 2*x - 3*x + 3. Determine n(j).
0
Let i(q) = q**2 - q - 5. Suppose m - 4*d + 12 = 0, 5*m - 3 = 2*m - d. Suppose -5*t + 2*t = m. Let u = t + 0. Calculate i(u).
-5
Let g(j) be the third derivative of j**6/360 + j**5/40 + j**4/6 - j**2. Let i(u) be the second derivative of g(u). Calculate i(5).
13
Let i(z) be the first derivative of -z + 5/2*z**4 + 0*z**2 - 2 + 0*z**3. Suppose -6*o + 3*o = -3. What is i(o)?
9
Let n(u) = 7*u**2 + 4*u - 8. Let z(x) = -8*x**2 - 5*x + 9. Let h(p) = 6*n(p) + 5*z(p). Calculate h(-3).
18
Let k(l) = -3*l - 8. Let s(r) = 15*r + 41. Let z(g) = 11*k(g) + 2*s(g). Calculate z(-6).
12
Let r be 3*3/(-2 + 5). Let y(a) = -a**3 + 4*a**2 - 2*a. What is y(r)?
3
Suppose 14*k = 12*k - 6. Let j(b) = b**3 + 4*b**2 + b - 2. Calculate j(k).
4
Let z(c) = 8*c. Let m(b) = 2*b + 4*b + 3*b. Let v(r) = -5*m(r) + 6*z(r). Suppose -2*j = d + 1 + 1, 2*j - 2*d = -2. Give v(j).
-3
Let c(s) = -s**2 + 1. Let a(b) = 2*b**3 + b**2 - b. Let x be a(1). Let v(p) = p**2 + 4 - 5*p**2 - x + 2 + 5*p. Let u(z) = 5*c(z) - v(z). Determine u(-5).
1
Let y(u) be the first derivative of 2*u**2 + 3 - 1/3*u**3 + 2*u. What is y(4)?
2
Suppose -4*a - 3 = -15. Suppose 3*z - 6 = a. Let x(p) = -1 - 3*p**z - 4 + 4 - 2*p. What is x(-1)?
4
Let s(c) = c**2 + c - 2. Let i(p) = -p**2 - 2*p + 2. Let n be i(-2). Suppose -4*d + n = -2*f, 4*d + 0 + 3 = f. What is s(d)?
0
Let r(f) = 1. Let g(h) = 10*h**2 - h - 1. Let s be g(-1). Let n(k) = -2*k + 10. Let j(a) = s*r(a) - n(a). Give j(-3).
-6
Let n = 13 - 9. Let s(l) = -l**3 + 5*l**2 - 6*l + 6. Let g be s(n). Let c(x) = x + 1. Give c(g).
-1
Suppose 4*l = 2*p - 3*p + 37, -28 = -3*l - p. Suppose -2*i - i + l = 0. Let k(y) = -y**2 - 2*y + 0*y**i - 1 + 0*y**3 + 2*y**3 + 0. Determine k(-1).
-2
Let z(m) be the second derivative of m + 1/2*m**2 + 1/6*m**3 - 1/12*m**4 + 0 - 1/20*m**5. Let i be (1 - 3/6)*-2. What is z(i)?
0
Let h(u) = 5*u**2 - 2*u + 1. Let g(c) = -c + 2. Let k be g(-6). Let a = k - 7. Determine h(a).
4
Let h(o) be the first derivative of -o**4/4 - o**3/3 + o**2 + 2*o + 1. Let r be h(-2). Let g(x) = -2 - x**2 - 4 + 2*x**r. Give g(0).
-6
Suppose -15 = -5*y, -2*m + 8 = 4*y - 2*y. Suppose 8 + 57 = 5*x. Let j(t) = 5*t**3 - t - x + 28 - t**2 - 14. Determine j(m).
4
Let s(c) be the first derivative of c**4/4 + c**3/3 + c**2/2 - 6*c + 6. Determine s(0).
-6
Suppose -p = 6*p - 28. Let c(t) be the first derivative of -1/2*t**2 + 4 - p*t. What is c(0)?
-4
Suppose 7*i = 3*i - 44. Let n = i + 11. Let w(h) = h**2 - 2. What is w(n)?
-2
Let l = -9 - -12. Suppose -u + 2 = -l. Let y(g) be the second derivative of g**3/6 - 7*g**2/2 + 2*g. Determine y(u).
-2
Let u(q) be the first derivative of q**3/3 + q**2 - 6*q + 1. Determine u(-6).
18
Let b(f) = f**3 - 5*f - 1 + 0*f**2 - 2*f**2 + 5. Suppose 7 + 13 = 5*h. Let t = 7 - h. What is b(t)?
-2
Suppose -v + 5*d + 10 - 32 = 0, d = 3*v - 4. Let o(h) = -h**3 + 3*h**2 + 2*h + 4. What is o(v)?
10
Let b(g) = -2*g + 0*g - 66 + 70. Give b(5).
-6
Let f be ((-6)/8)/((-1)/4). Let i be (-4 + f)/(1/5). Let w(s) = -s - 1. Give w(i).
4
Let t(x) = x**3 - x**2 - x - 2. Let f(a) = a - 1. Let b be f(4). Suppose -y + 2*h = 12 - 4, -h + b = -y. What is t(y)?
0
Let y(a) = -2*a**2 + 2*a - 1. Let d(l) = l**3 - 8*l**2 + 8*l - 6. Let m be d(7). Give y(m).
-1
Let a(p) be the first derivative of -p**4/4 + 2*p**3 + 7*p**2/2 - 6*p + 2. Let k be a(7). Let o(l) = l + 8. Calculate o(k).
2
Let k be -7*(1 + (-26)/14). Let h(r) = r - 3. Determine h(k).
3
Let v(g) = -g**3 + 5*g**2 - g + 4. Suppose -k - 25 = -6*k. Give v(k).
-1
Suppose -3 - 7 = -5*d - 3*y, 21 = -d + 4*y. Let p(r) = -2*r**2 + 2*r - 4. Let i = -2 + 5. Let m(q) = q - 1. Let b(v) = i*m(v) - p(v). Determine b(d).
2
Let u(f) = -f**2 - 17*f + 4. Let q be u(-17). Let y(a) = -a**2 + 5. What is y(q)?
-11
Let t(z) = 2*z - 1. Let p(q) = 3*q. Let f(o) = p(o) - t(o). Suppose -6 = -4*i + 2. Calculate f(i).
3
Suppose 0*x - 2*x + 6 = 0. Suppose -y - 21 = -5*v, -y + 2*v = -6*y + x. Let f(k) = 2*k**2 + 2*k + 1. Give f(y).
1
Suppose -s + 2 = -d + s, 3*d = -4*s - 26. Let v(m) = -m - 3. Let t(a) = 3*a + 5. Let w(q) = -t(q) - 2*v(q). Calculate w(d).
7
Suppose 8 + 2 = -5*m. Let t = 0 - m. Let x(p) = -5*p - 2*p - p**t + 3*p + 3*p + 1. What is x(-2)?
-1
Let w(f) = f**3 + 2*f. Suppose -78 + 74 = -2*s. Give w(s).
12
Let i(d) = -7*d**2. Suppose 4*q - 3*q = 5*b + 10, 4*q - 20 = 0. Calculate i(b).
-7
Let w(z) be the third derivative of -z**6/120 - z**5/12 - z**4/6 - z**3/6 - 4*z**2. Determine w(-3).
-7
Let f = -5 - -10. Suppose -2*k = -5*j + 3*k - f, -3*j - k = 23. Let u(x) = x**2 + 6*x - 3. Calculate u(j).
-3
Let o(u) = u**2 - 8*u + 5. Let z(p) = p**2 - 14*p - 45. Let n be z(17). Calculate o(n).
-7
Suppose -3*t - 9 = -0*t - 3*n, -4*n - 20 = 4*t. Let j(i) = i**2 + 7*i + 6. Give j(t).
-6
Let c(p) = p**2 + 4*p + 5. Suppose 2*w + 2*w = 12. Suppose -2*n = 4*o + 16 - 0, -5*n + w*o = -12. Suppose n = 2*m + 10 - 2. What is c(m)?
5
Let n = -13 + 18. Let p(g) = g**2 - 6*g - 4. What is p(n)?
-9
Let p(t) = -4*t + 5. Let n(w) = w + 3 + w - 12 - 4*w. Let r be n(-7). What is p(r)?
-15
Let m(c) = 3*c**3 + 0*c**2 + 11 - 4*c**3 - 6*c - 7*c**2 - 6. Determine m(-6).
5
Let a(m) = -5*m - 1. Let j(z) = -19*z - 4. Let n(k) = -4*a(k) + j(k). Let d = 2 - 3. Let q = d - -2. Give n(q).
1
Let b(t) be the second derivative of 0 - 1/12*t**4 + 2/3*t**3 + t - 3/2*t**2. Suppose -2*p + 2 = -2. What is b(p)?
1
Let c(r) = -3 - 2 + 3 + 1. Let d(h) = -2*h + 8. Let m(f) = 3*c(f) + d(f). Give m(6).
-7
Let q be -2*3/6*0. Suppose 2*t = -q*t. Let p(r) = -r - 1. Determine p(t).
-1
Let l be -3 + 3 + 0 + -1. Let g(t) = 7*t**2 - 11*t + 2. Let i(r) = -r**2 + r - 1. Let k(z) = l*g(z) - 6*i(z). Give k(4).
8
Let r(j) = j**2 - 7*j + 6. Let a be (2/(-2))/((-3)/9). Suppose -5*k + 3*k + 6 = 0. Suppose -9 = -k*p + a. Calculate r(p).
-6
Let g(z) = z + 8. Let h be (-90)/(-21) + 2/(-7). Suppose 4*d - 60 = -4*t, 7*t = -3*d + 2*t + 51. Suppose h*k = 7*k + d. Calculate g(k).
4
Suppose 2*q - 3*q = 2. Let h be q/1*(2 + -5). Let t(l) = l**3 - 5*l**2 - 6*l - 3. Give t(h).
-3
Let w(a) be the third derivative of -a**5/60 - 7*a**4/24 - a**3/6 + 38*a**2. Give w(-8).
-9
Let d(w)